 be m(-2). Is 741 - (f - (-1)/1) a prime number?
False
Suppose -677650 = 19*n - 69*n. Is n composite?
False
Suppose 0 = 4*v - 922 - 518. Suppose 0*y = -y. Suppose -3*h - s + 533 = y, 2*h = s - 4*s + v. Is h a composite number?
True
Suppose -s - 33 = 2*s. Let b = 19 + s. Is (b/16)/(1/614) prime?
True
Let x(h) = -h**2 - 8*h + 2. Let k be x(-8). Suppose 8*j - 13*j = 10. Is (120 - k)/(-2)*j a composite number?
True
Suppose -8*d + 14*d = 33834. Is d a composite number?
False
Is (-11)/55 - 6*(-5981)/5 prime?
True
Let b(i) = 425*i - 5. Let f be b(3). Suppose -6*d + d + f = 0. Is d a prime number?
False
Let x(o) = 154*o + 27. Suppose -3*g + 25 = -r, -g + 4*r = 6*r - 6. Is x(g) a composite number?
False
Is (-4)/34 + 66822333/2091 a composite number?
False
Let f = -24 + 33. Suppose 8*o - f*o = -47. Suppose 2*q + h - 117 = 0, -5*q + h = -o - 249. Is q composite?
False
Suppose 49450 + 72992 = 3*v - 3*r, -4*v = 2*r - 163250. Is v composite?
False
Let k(n) = 2955*n**2 + 8*n - 7. Is k(2) a prime number?
False
Let u(q) = -4*q**3 - 19*q**2 + q + 11. Let k(c) = -9*c**3 - 38*c**2 + 3*c + 23. Let p(h) = 3*k(h) - 7*u(h). Let j be p(-17). Let b = j - 319. Is b composite?
True
Suppose 17234 = 471*j - 457*j. Is j prime?
True
Suppose 53*s - 47*s - 22806 = 0. Suppose m - 688 = s. Is m composite?
True
Let f = 43889 + -16222. Is f composite?
True
Suppose -69*d + 121*d - 245492 = 0. Is d a prime number?
True
Suppose -6*i + 2251 = -14771. Is i prime?
True
Suppose 0 = 53*t - 48*t - 2*a - 109245, -3*t = 3*a - 65568. Is t a composite number?
False
Let p be (-1 - 3)/(4/(-62)). Let h = 441 - p. Is h a prime number?
True
Let y = 27 - 44. Let m(o) = o**2 - 9*o - 33. Is m(y) a prime number?
True
Let m(u) = 485*u - 1151. Is m(50) prime?
True
Is (-32)/56 + (-350265)/(-35) a composite number?
False
Let n = -5 - -8. Suppose -136*c = -141*c + 155. Suppose 2*m = n*m - c. Is m prime?
True
Let y be 1 + 1 + (-6 - -4). Let h(j) = -j**2 + 2*j + 577. Is h(y) a prime number?
True
Let o(h) = 36*h + 6. Suppose 3*c - c + 2*n - 22 = 0, 3*n = -4*c + 40. Let t(u) = -36*u - 5. Let i(l) = c*t(l) + 6*o(l). Is i(-4) a prime number?
False
Let d be ((-12)/10)/(-3 - (-1251)/420). Is 24456/d - 2/(-7) a prime number?
False
Let o = -3950 + 6879. Suppose 2*s - o + 1087 = 0. Is s composite?
True
Let o be 4/(-5)*(-5)/2. Suppose -o - 2 = q, 0 = -2*g + 5*q + 366. Let k = g + -79. Is k a prime number?
False
Let w(b) = -5 + 1 - 5 + 16*b. Let z be w(6). Suppose 4*j - z = -5*o, 2*o - 4*j = -7*j + 32. Is o composite?
False
Suppose -16 = 4*w, u - 2*w = 4*u - 49. Let z = u + -16. Suppose -z*y = y - 60. Is y a prime number?
False
Let p = -409 - -68. Suppose 21*y - 371 + 4403 = 0. Let x = y - p. Is x a prime number?
True
Let l(j) = -213*j + 94. Is l(-13) a prime number?
False
Suppose 680 = p + 5*n - 9*n, -3*p + 5*n = -2012. Suppose 0 = a - p + 42. Is a a composite number?
True
Suppose 606*m + 83313 = 615*m. Is m a prime number?
True
Suppose 11 = 3*i - 10. Let z = i + -9. Is (z/(-3))/((-6)/(-801)) prime?
True
Let x(k) = -k + 12. Let q be x(8). Let f(g) = 6*g**2 - 3 - g - q*g - 6*g. Is f(8) a composite number?
False
Suppose -4*a - 2*s = 10, 4*s + 12 = -0*s. Is -2 + 1 + (-60)/a a composite number?
False
Let x(p) = 243*p - 5. Let i be x(2). Suppose -i = -k + 10. Is k a composite number?
False
Let b = 16 - 12. Let t(p) = -p + 1. Let o be t(1). Suppose o*i - b*i = -844. Is i composite?
False
Let l = -10675 - -35006. Is l composite?
True
Let r(c) = 1. Let b(s) = s**3 - s**2 + s + 5. Let x(l) = b(l) - 6*r(l). Let k be x(2). Suppose -5*o + 5*a + 2353 = 713, -k*o - 5*a = -1650. Is o composite?
True
Suppose 4*i - 4*v - 35 = 1, -25 = 5*v. Suppose -654 = -2*u - 2*u - 2*r, 0 = -u + i*r + 186. Let p = u - 107. Is p composite?
False
Let u = -296 - -598. Suppose 0 = 3*s + 4*t + t - 454, -4*t = 2*s - u. Suppose -2*p + s = 47. Is p prime?
True
Let l be (-176)/110*43*-5. Let i = l - 181. Is i composite?
False
Suppose -315910 = q - 15*q. Is q composite?
True
Suppose -4*r + 2*d + 1198 = 0, 2*d - 4 = -10. Let f = -187 + r. Is f prime?
False
Suppose -328 = -n - n. Suppose 4*i - 732 = -n. Let p = 333 - i. Is p prime?
True
Let r(k) = 10*k**2 + 8*k + 3. Let g be r(-5). Let t = g + -119. Is t composite?
True
Let j = 765 - -212. Is j a prime number?
True
Let l(j) = j - 6. Let z be l(11). Suppose 0 = -u + 4*c + 475, -2357 = -z*u - 0*u + 2*c. Is u a composite number?
True
Let g(r) be the second derivative of -r**5/20 + 23*r**4/12 + 13*r**3/3 - 25*r**2/2 - 12*r. Is g(22) composite?
False
Let u(r) = r**2 + 1. Let t(v) = -6*v**3 - 4*v**2 + v - 6. Let y(a) = t(a) + 5*u(a). Let d be y(1). Is 1771/6 - d/(-30) composite?
True
Let h be 18/63*(14 + 0). Suppose -2*q = -h*q - 1602. Let g = q - -1664. Is g a prime number?
True
Let k(y) = -6*y**3 - 1. Let d be k(-1). Suppose -4*v = -0*s - 2*s - 2206, 0 = -d*v + 2*s + 2757. Is v composite?
True
Suppose 2*l - 4*j = -2*l + 45412, 2*j + 45408 = 4*l. Is l composite?
False
Let f = 233425 + -95362. Is f prime?
False
Suppose -11877 = -5*m + 9108. Is m a composite number?
True
Is -4*((-1035)/20 - -4) a prime number?
True
Suppose 0 = 2*d - d + n, 3*n = 5*d. Suppose -10*a + 7156 + 3234 = d. Is a a composite number?
False
Suppose 3*p + 89 = -295. Suppose 34*w - 21*w = 3562. Let z = w + p. Is z a prime number?
False
Is (-1589 - -30)/((-2)/6) a composite number?
True
Let v(b) = 6*b**2 + 10*b - 17. Is v(-9) prime?
True
Let w be (-20)/(-90) + (-52)/(-9). Let z = w + 253. Is z prime?
False
Suppose 4*f - 3550 + 1014 = 0. Let z = 1472 - f. Is z a prime number?
False
Suppose 7*i = 14*i. Suppose i*y = -3*y + 1257. Is y prime?
True
Suppose -98*h + 93*h = -5*y - 8350, y + 3343 = 2*h. Is h prime?
False
Suppose -g - 3*j = -11722, -2*g = 3*j - 6*j - 23399. Is g composite?
True
Let t be (-6 - 0)*(-1)/2. Suppose 5*x + 0*x = -550. Is (t + 0)*x/(-6) a composite number?
True
Suppose -46 = -2*s + 4*r, 47 = -2*s + 4*s - 3*r. Let z = s + -2. Suppose -3*w = -10 - z. Is w a prime number?
True
Suppose -4*o + 11 = f, 3*o + o + 9 = -5*f. Let u(d) = d**3 + 4*d**2 - 6*d. Let h be u(f). Suppose 5*r - 997 = p, 0 = h*r - 2*p + 115 - 1114. Is r composite?
False
Suppose -121550 = -5*u + 9335. Is u a prime number?
True
Let r be (1 - 2)*7*-1. Suppose -r*t = 542 - 3209. Is t a composite number?
True
Suppose -9*l - 12*l + 25*l = 0. Suppose 2*i - 3*k = -26 + 1761, i + 2*k - 857 = l. Is i prime?
True
Suppose -4*b = 4, 667 + 211 = 3*r - 2*b. Let j = 771 + r. Suppose -j = -5*m - 2*t, -7*m + 1051 = -2*m - t. Is m composite?
False
Is ((-1)/3)/((-33)/5440347) - 6 a prime number?
False
Let v(f) = 168*f**2 - 4*f. Let d be v(-3). Let i = -725 + d. Is i composite?
True
Suppose -s + 5*s + 486 = 5*q, 4*s - 4*q = -488. Let m = 179 + s. Is m a composite number?
True
Suppose w = 2*w - 3*s - 15, 0 = -w + s + 7. Let o be 4 + 1 + -2 + 2. Suppose -o*g = 25, -l - 4*g + 518 = -w. Is l a prime number?
True
Let q(p) = p**3 - 3*p + 1. Let k be q(2). Suppose -6*d = -k*d - 12. Suppose 6 = 3*o, -255 = -d*m + 4*o - 51. Is m prime?
True
Let g be 0 + 4 - 1/(-1). Let f = -300 + 302. Suppose -f*u = g*w - 239, -4*u + 3*w + 390 = -u. Is u a composite number?
False
Suppose -4089 = -3*j + 7056. Is j a composite number?
True
Let n = 21560 - 14883. Is n a prime number?
False
Let y be 0*(2 - 5/2). Let r(u) = u**3 + u + 7. Let k be r(y). Suppose -10*n + k*n + 555 = 0. Is n composite?
True
Suppose -39041 = -2*f + 5*y, 0 = -12*f + 10*f + 4*y + 39042. Is f composite?
True
Let n(k) = -k - 2. Let c(u) = -5*u - 11. Let h(j) = -2*c(j) + 11*n(j). Let a be h(-6). Is (-4065)/(-6) - 3/a composite?
False
Let o(u) = 6*u + 9*u**2 - u**3 + 5 + 0*u + 3. Suppose 0 = -17*x + 40 + 113. Is o(x) composite?
True
Let f(q) = 157*q**2 + 2*q - 1. Let s be -2*((-10)/4 + 2). Let p be f(s). Suppose -53 = -g + p. Is g prime?
True
Suppose 239 = 2*u - 3*n, 5*u + n + 119 - 708 = 0. Let j be (28/8)/(1/6). Let c = u - j. Is c prime?
True
Is 504602/76 - 5/2 prime?
True
Let s = 344 - 182. Suppose 0*q - 3*q - 441 = 3*g, g + 4*q = -s. Let x = -99 - g. Is x composite?
False
Let o(h) = -25*h - 11 + 152*h + 31*h. Is o(5) composite?
True
Let g be (0 - 366)/((-266)/(-136) - 2). Is (-2)/6 - g/(-12) prime?
True
Suppose -4*w + 14949 = -s, 2*w - 5*s = 6*w - 14943. Is w a prime number?
False
Let w be (-14)/(-7) - -7*4. Let p = w - -53. Is p a compo